{"id":39,"date":"2012-04-17T14:04:06","date_gmt":"2012-04-17T14:04:06","guid":{"rendered":"http:\/\/www.aiplainpalais.ch\/?page_id=39"},"modified":"2020-12-15T12:33:35","modified_gmt":"2020-12-15T12:33:35","slug":"devenir-membre","status":"publish","type":"page","link":"https:\/\/www.aiplainpalais.ch\/?page_id=39","title":{"rendered":"Devenir membre, contact"},"content":{"rendered":"<p style=\"text-align: left;\"><span style=\"color: #333333;\">Pour soutenir le Mus\u00e9e du Vieux-Plainpalais, devenez membre de l&rsquo;A.I.P. (Association des Int\u00e9r\u00eats de Plainpalais).<\/span><\/p>\n<p><span style=\"color: #333333;\">Nous sommes toujours \u00e0 la recherche de b\u00e9n\u00e9voles pr\u00eats \u00e0 participer \u00e0 la mise en place de nos expos et activit\u00e9s!<\/span><\/p>\n<p><span style=\"color: #333333;\">Vous d\u00e9sirez vous investir dans la vie du quartier?<\/span><br \/>\n<span style=\"color: #333333;\"> Vous aimeriez participez activement au d\u00e9veloppement de notre Mus\u00e9e et de ses expos ? Contactez-nous !<br \/>\n<\/span><\/p>\n<p style=\"text-align: left;\"><span style=\"color: #333333;\">Vous souhaitez nous soutenir ? D<\/span><span style=\"color: #333333;\">evenez membre de notre association:<\/span><br \/>\n<span style=\"color: #333333;\"> &#8211; vous recevrez 3 fois par an notre Bulletin, un recueil d\u2019informations th\u00e9matiques&nbsp;sur le quartier de Plainpalais,<\/span><br \/>\n<span style=\"color: #333333;\"> &#8211; vous serez aussi convi\u00e9 aux balades que nous organisons dans le quartier, ainsi qu\u2019\u00e0 nos autres activit\u00e9s ponctuelles <\/span><span style=\"color: #333333;\">(vernissage, expositions temporaires, conf\u00e9rences, rencontre avec le Club de la grammaire, etc.).<\/span><\/p>\n<p style=\"text-align: left;\"><span style=\"color: #333333;\">Via le formulaire ci-dessous vous pouvez prendre contact avec nous ou devenir membre.<br \/>\n<\/span><span style=\"color: #333333;\">Il vous suffit de vous inscrire et de vous acquitter de la cotisation annuelle.<\/span><\/p>\n<ul>\n<li><span style=\"color: #333333;\">Coti individuelle: 30 CHF \/ an &nbsp;&nbsp;&nbsp;&nbsp;&nbsp;&nbsp;&nbsp;&nbsp;&nbsp;&nbsp;&nbsp;&nbsp;&nbsp;&nbsp;&nbsp;&nbsp; <\/span><span style=\"color: #0000ff;\">Association des Int\u00e9r\u00eats de Plainpalais, 1205 Gen\u00e8ve,<\/span><\/li>\n<li>Coti de couple: <span style=\"color: #0000ff;\"><span style=\"color: #000000;\">50 CHF \/ an&nbsp; &nbsp; &nbsp; &nbsp; &nbsp; &nbsp; &nbsp; &nbsp; &nbsp; &nbsp; <\/span>IBAN : CH81 0900 0000 9147 8 0<\/span><\/li>\n<li>Entreprise: <span style=\"color: #333333;\">70 CHF \/ an &nbsp; &nbsp; &nbsp; &nbsp; &nbsp; &nbsp; &nbsp; &nbsp; &nbsp; &nbsp; &nbsp; &nbsp; &nbsp; <\/span><span style=\"color: #0000ff;\">CCP 12-9147-8<\/span><\/li>\n<\/ul>\n<p><!--cforms name=\"aip\"--><\/p>\n<form enctype=\"multipart\/form-data\" action=\"\/index.php?rest_route=%2Fwp%2Fv2%2Fpages%2F39#usermessage3b\" method=\"post\" class=\"cform aip \" id=\"cforms3form\"><ol class=\"cf-ol\"><li id=\"li-3-1\" class=\"\"><label id=\"label-3-1\" for=\"cf3_field_1\"><span>Nom, pr\u00e9nom<\/span><\/label><input type=\"text\" name=\"cf3_field_1\" id=\"cf3_field_1\" class=\"single fldrequired\" value=\"\" title=\"\"\/><span class=\"reqtxt\">Requis<\/span><\/li><li id=\"li-3-2\" class=\"\"><label id=\"label-3-2\" for=\"cf3_field_2\"><span>Votre message<\/span><\/label><textarea cols=\"30\" rows=\"8\" name=\"cf3_field_2\" id=\"cf3_field_2\" class=\"area fldrequired\" title=\"\"><\/textarea><span class=\"reqtxt\">Requis<\/span><\/li><li id=\"li-3-3\" class=\"\"><label id=\"label-3-3\" for=\"cf3_field_3\"><span>Adresse Email<\/span><\/label><input type=\"text\" name=\"cf3_field_3\" id=\"cf3_field_3\" class=\"single fldemail fldrequired\" value=\"\" title=\"\"\/><span class=\"emailreqtxt\">Email valide requis<\/span><\/li><li id=\"li-3-4\" class=\"\"><label id=\"label-3-4\" for=\"cf3_field_4\"><span>Tel ou Mobile<\/span><\/label><input type=\"text\" name=\"cf3_field_4\" id=\"cf3_field_4\" class=\"single fldrequired\" value=\"\" title=\"\"\/><span class=\"reqtxt\">Requis<\/span><\/li><li id=\"li-3-5\" class=\"\"><label for=\"cf3_field_5\" class=\"secq\"><span>Quel est le code postal de Plainpalais ?<\/span><\/label><input type=\"text\" name=\"cforms2_question_and_answer\" id=\"cf3_field_5\" class=\"secinput fldrequired \" title=\"\"\/><input type=\"hidden\" name=\"cforms2_question_and_answer\/hint\" value=\"0\"\/><\/li><\/ol><fieldset class=\"cf_hidden\"><legend>&nbsp;<\/legend><input type=\"hidden\" name=\"cf_working3\" id=\"cf_working3\" value=\"Un moment svp\"\/><input type=\"hidden\" name=\"cf_failure3\" id=\"cf_failure3\" value=\"Merci de remplir tous les champs ci-dessus\"\/><input type=\"hidden\" name=\"cf_customerr3\" id=\"cf_customerr3\" value=\"y\"\/><\/fieldset><p class=\"cf-sb\"><input type=\"submit\" name=\"sendbutton3\" id=\"sendbutton3\" class=\"sendbutton\" value=\"Envoyer\" \/><\/p><\/form><div id=\"usermessage3b\" class=\"cf_info \" ><\/div>\n","protected":false},"excerpt":{"rendered":"<p>Pour soutenir le Mus\u00e9e du Vieux-Plainpalais, devenez membre de l&rsquo;A.I.P. (Association des Int\u00e9r\u00eats de Plainpalais). Nous sommes toujours \u00e0 la recherche de b\u00e9n\u00e9voles pr\u00eats \u00e0 participer \u00e0 la mise en place de nos expos et activit\u00e9s! Vous d\u00e9sirez vous investir dans la vie du quartier? Vous aimeriez participez activement au d\u00e9veloppement de notre Mus\u00e9e et [&hellip;]<\/p>\n","protected":false},"author":1,"featured_media":0,"parent":0,"menu_order":0,"comment_status":"closed","ping_status":"closed","template":"","meta":{"_crdt_document":"","ngg_post_thumbnail":0,"footnotes":""},"class_list":["post-39","page","type-page","status-publish","hentry"],"_links":{"self":[{"href":"https:\/\/www.aiplainpalais.ch\/index.php?rest_route=\/wp\/v2\/pages\/39","targetHints":{"allow":["GET"]}}],"collection":[{"href":"https:\/\/www.aiplainpalais.ch\/index.php?rest_route=\/wp\/v2\/pages"}],"about":[{"href":"https:\/\/www.aiplainpalais.ch\/index.php?rest_route=\/wp\/v2\/types\/page"}],"author":[{"embeddable":true,"href":"https:\/\/www.aiplainpalais.ch\/index.php?rest_route=\/wp\/v2\/users\/1"}],"replies":[{"embeddable":true,"href":"https:\/\/www.aiplainpalais.ch\/index.php?rest_route=%2Fwp%2Fv2%2Fcomments&post=39"}],"version-history":[{"count":33,"href":"https:\/\/www.aiplainpalais.ch\/index.php?rest_route=\/wp\/v2\/pages\/39\/revisions"}],"predecessor-version":[{"id":1148,"href":"https:\/\/www.aiplainpalais.ch\/index.php?rest_route=\/wp\/v2\/pages\/39\/revisions\/1148"}],"wp:attachment":[{"href":"https:\/\/www.aiplainpalais.ch\/index.php?rest_route=%2Fwp%2Fv2%2Fmedia&parent=39"}],"curies":[{"name":"wp","href":"https:\/\/api.w.org\/{rel}","templated":true}]}}